divided by z?
19
Suppose -274*s + 117 = -273*s. What is the remainder when s is divided by 44?
29
Suppose -5*m + 133 = 48. What is the remainder when 47 is divided by m?
13
Suppose -7*m + 3*c = -3*m - 31, -2*c = -5*m + 44. Let f(v) = -v**3 - 8*v**2 + 2*v + 11. What is the remainder when f(-9) is divided by m?
4
Suppose k - 5*k + 53 = -3*s, 2*k = -4*s - 56. Let z = 25 - s. Calculate the remainder when z is divided by 6690/300 + 9/(-30).
18
Suppose -14*g + 6940 = -19828. What is the remainder when g is divided by 87?
85
Suppose 0 = -24*s + 20*s + 44. What is the remainder when s/(5/12*30/75) is divided by (-1)/(-2*(-1)/(-34))?
15
Let t = -68 + 142. Suppose 0 = 2*x + 3*g - 42, 4*x = -3*g + 2*g + t. What is the remainder when 33 is divided by x?
15
Let x(j) = -j**3 + 6*j**2 + 4. Let o be ((-4)/(-6))/((-10)/(-45)). Suppose -14 - 16 = -o*l. What is the remainder when x(5) is divided by l?
9
Let v = 39 - 34. Suppose v*w + 3*c - 164 - 88 = 0, 0 = -2*w - 4*c + 98. Calculate the remainder when w is divided by 26.
25
Let m = 4 + -1. Suppose 0 = -m*h + 4*l + 172, -2*h - 3*l + 277 = 3*h. Calculate the remainder when h is divided by (2 - 1)*15 + 0.
11
Suppose -4*j - i + 385 = -0*i, 2*j - 209 = 5*i. Calculate the remainder when j is divided by 11.
9
Suppose 7*y = 2*y + 4*q + 50, -q + 25 = 5*y. Let j be 52*(-1)/(-2) - -3. Let p = j + -12. What is the remainder when p is divided by y?
5
Suppose -2*t - 72 = -4*k, k + 18 = 2*k + 4*t. Let m = 15 - k. What is the remainder when 126 is divided by (m - 0) + 38 + -3?
30
Let x(b) = -b**2 + 6*b + 2. Let z be x(4). Let d = z - -3. What is the remainder when (-892)/(-36) - 4/(-18) is divided by d?
12
Suppose 87 - 131 = -2*j - 3*q, -3*j + 66 = -q. What is the remainder when ((-123)/(-12))/((-1)/(-4)) is divided by j?
19
What is the remainder when 71 is divided by 4/6*(-5 - (-4 + -37))?
23
Suppose -2*z + 4*z - 32 = 0. Let k be z/(-4)*1 + 0. Let v(c) = -12*c + 15. What is the remainder when v(k) is divided by 22?
19
Let f(t) = -t**3 - 5*t**2 - 4*t + 20. Calculate the remainder when 216 is divided by f(-4).
16
Suppose 104 = y + 4*n + 76, 0 = -y - n + 16. Let i = 3 + 5. What is the remainder when y is divided by i?
4
Suppose 6*j = 3*j + 3*a + 183, -5*a + 265 = 5*j. What is the remainder when j is divided by (5 - 4) + 2*14?
28
Let j = 106 - 95. Let c = 8 - 6. Calculate the remainder when j is divided by c.
1
Let l = 11 + -2. Calculate the remainder when ((-3)/2)/((-21)/196) is divided by l.
5
What is the remainder when 1*-1 - (18 - 256) is divided by 60?
57
Suppose -i - 9 + 12 = 0, 1 = j - i. Calculate the remainder when j is divided by 6/4 - (-1)/2.
0
Suppose -m = -4*c - 103, -2*m + 3*c + 121 = -65. Suppose 86 + 2 = 2*u. Calculate the remainder when m is divided by u.
43
Let z(s) = 2*s**2 - 26*s + 50. Let j(q) = 3*q**2 - 39*q + 75. Let t(d) = -5*j(d) + 7*z(d). Calculate the remainder when (81/(-6))/(3/(-4)) is divided by t(10).
3
Suppose -4*g = -9*g + 20. Let k be (-2)/((-10)/(-4) + -2). What is the remainder when (-92)/(-12) + k/6 is divided by g?
3
Let h be (-74)/(-5) + (-3)/(-15). Suppose u + 1 = h. Let a = -78 + 103. What is the remainder when a is divided by u?
11
Let u = 715 - 635. Calculate the remainder when u is divided by 8.
0
Let d = 6 + 23. Suppose 0 = -2*k - 70 - 44. Let z = d - k. What is the remainder when z is divided by 22?
20
Let o(x) = 5*x**2 + 23*x - 19. Calculate the remainder when o(7) is divided by 79.
71
Suppose 35*l - 108 = 31*l. Calculate the remainder when l is divided by 15.
12
Let j = 49 - 71. Let p = -2 - j. What is the remainder when (-7 - 0)*11*-1 is divided by p?
17
Let h be (860/(-40))/((-1)/2). Let k = h + 12. What is the remainder when k is divided by 14?
13
Suppose -2*d - 5*t = -4*t - 267, 0 = 5*d + 2*t - 667. What is the remainder when d is divided by 17?
14
Let t(j) = 3*j + 4. Suppose 5*b - b + 4 = 0, -2*f + 4*b + 156 = 0. Let s = -38 + f. What is the remainder when s is divided by t(3)?
12
Suppose 0 = 9*n - 5*n, 5*n - 284 = -2*d. Calculate the remainder when d is divided by 31.
18
Let g = -114 + 173. Let z be (1/(-2))/(1/70). Calculate the remainder when g is divided by (-7)/z + (-74)/(-5).
14
Let a = 653 - 631. Calculate the remainder when a is divided by 11.
0
Suppose 52*v = 2357 - 173. What is the remainder when 205 is divided by v?
37
Let f(j) = 3*j**2 + 5*j + 8. Suppose 0 = 4*s + 16, -3*c + c - 24 = 4*s. What is the remainder when f(c) is divided by 27?
9
Suppose b - 2*t - 79 = 0, 0*b - 2*b - 2*t = -152. What is the remainder when b is divided by 21?
14
What is the remainder when 193 + -6 + 4 - (2 - 3) is divided by 55?
27
Let s = -127 - -129. Let x(m) = -3*m**2 - 2*m + 1. Let j be x(-2). What is the remainder when j*2*2/(-4) is divided by s?
1
Let h(b) = -480 - b - 3*b + 3*b**3 + 483 + b**2. What is the remainder when 111 is divided by h(2)?
19
Suppose -x + 18 = 6. Suppose 0 = 257*h - 253*h - 24. Calculate the remainder when x is divided by h.
0
Let d(m) = -m**3 - 9*m**2 - 6*m + 2. Let a be d(-8). Calculate the remainder when 4*a/(-5)*(-25)/(-10) is divided by 11.
6
Let o = 13 - -38. Suppose 3*m = -r + 60, r + 47 = 2*m + 4*r. What is the remainder when o is divided by m?
13
Let s(z) = 6*z + 5. Let g = -13 - -19. Let m = 304 - 290. Calculate the remainder when s(g) is divided by m.
13
Suppose 4*j + 3*s + 273 = 8*j, 2*j = -2*s + 126. What is the remainder when 299 is divided by j?
35
Let u = 49 - 47. Suppose -i - 31 = -4*y - 0*i, -4*y = -u*i - 30. What is the remainder when 17 is divided by y?
1
Let s be (-4 + (-2)/2)/(2/(-4)). Suppose 5*u = s, -4*n - 2*u - 232 = -908. Calculate the remainder when n is divided by 13.
12
Let c(s) be the third derivative of 7*s**4/24 - 19*s**3/3 - 25*s**2. Suppose 10 = 3*j - 20. Calculate the remainder when j is divided by c(6).
2
Suppose 2*b - 4 = -4*n + n, -b = -4*n - 24. Suppose -7*l = -b*l + 18. What is the remainder when l is divided by 9?
0
Suppose 0 = 6*a - 44*a + 380. Calculate the remainder when 1187 is divided by a.
7
Suppose 3*f - 1366 = -97. What is the remainder when (-5)/(-10) - f/(-6) is divided by 37?
34
Let i = -448 - -455. Suppose -5*q + 96 = -q. Calculate the remainder when q is divided by i.
3
Suppose 5*f - 758 = 3*p, -5*p - 606 = -4*f - 3*p. Let l = -72 + f. What is the remainder when l is divided by 20?
19
Let q = 1141 - 1004. Calculate the remainder when q is divided by 14.
11
Let y(f) = 10*f**2 + 34*f + 222. Calculate the remainder when y(-8) is divided by 37.
35
Let w(h) = -h**2 - 10*h - 13. Let m be w(-5). Suppose 0 = m*b - 7*b - 20. What is the remainder when 442/39 - b/(-6) is divided by 4?
0
Let c be (-1 + -2)*(-1 - 2). Suppose -k + 0 = -c. What is the remainder when 34 is divided by k?
7
Suppose 4*o = 440 + 156. What is the remainder when o is divided by 52?
45
Suppose 0 = -v - 3*v + 28. Suppose 3*f - v = -s, -5*f - s + 4 = -3*f. Calculate the remainder when 8 is divided by f.
2
Let s(t) = t + 14. Let a(v) = 3*v**2 - 8. Let y(l) = -5*l**2 + 12. Let x(q) = -8*a(q) - 5*y(q). What is the remainder when x(-4) is divided by s(-3)?
9
Let k be (1/2)/((-5)/(-300)). Suppose -6*j + 0*j + k = 0. What is the remainder when 9 is divided by j?
4
Calculate the remainder when 440 is divided by -7 + 11 + -9 + 22.
15
Suppose -2*l - 25 = -5*y, 4*l - 5*y + 10 = -3*y. Suppose 4*c + c + 5 = l. Calculate the remainder when 31 is divided by (-13)/c - (2 - 5).
15
Let x = -121 - -208. Suppose 4*o = 0, -4*a + 2*o - 3*o + 72 = 0. What is the remainder when x is divided by a?
15
What is the remainder when (3 - 1)/((-87)/(-2088)) is divided by 29?
19
Let b be -6*2/(-2 + 1 + -3). Suppose b*h - 432 = -3*h. Calculate the remainder when h is divided by 38.
34
Let n(x) be the first derivative of x**4/4 + 14*x**3/3 - 7*x**2 + 10*x - 4. Let u be n(-15). Let g = 7 + u. What is the remainder when 5 is divided by g?
1
Let n(b) = -b**3 + 2*b**2 - 3*b + 4. Let x be n(3). Suppose -7*s = -5*s - 114. Calculate the remainder when s is divided by 4/(-6)*315/x.
12
Let d be 48/(-36) + (-7)/(-3). Let h(i) = 15*i**3 - 2*i**2 + 4*i - 3. Let j = -7 - -12. Calculate the remainder when h(d) is divided by j.
4
Let q(w) = -2*w + 20. Let s be q(10). Let h be s + 8 - (1 - -1). Suppose 0 = -2*j + h, 4*c + j = 55. What is the remainder when 22 is divided by c?
9
Let a = -179 +